{"id":51,"date":"2018-03-23T22:16:58","date_gmt":"2018-03-23T21:16:58","guid":{"rendered":"http:\/\/adipositas-shg-leverkusen.de\/cms\/?page_id=51"},"modified":"2018-04-25T10:56:50","modified_gmt":"2018-04-25T08:56:50","slug":"literatur","status":"publish","type":"page","link":"https:\/\/www.adipositas-shg-leverkusen.de\/cms\/literatur\/","title":{"rendered":"Literatur"},"content":{"rendered":"<p><strong><a href=\"https:\/\/www.amazon.de\/Gut-essen-rund-Adipositas-OP-Schlauchmagen\/dp\/3432100485\/ref=sr_1_1?ie=UTF8&amp;qid=1509811590&amp;sr=8-1&amp;keywords=adipositas\" target=\"_blank\" rel=\"noopener\">Gut essen rund um die Adipositas-OP: 130 Rezepte bei Magen-Bypass, Schlauchmagen &amp; Co<\/a><\/strong><\/p>\n<p>von <a href=\"https:\/\/www.amazon.de\/Heike-Raab\/e\/B00DX7OOTA\/ref=sr_ntt_srch_lnk_1?qid=1509811590&amp;sr=8-1\" target=\"_blank\" rel=\"noopener\">Heike Raab<\/a><\/p>\n<p>&nbsp;<\/p>\n<p><strong><a href=\"https:\/\/www.amazon.de\/Fettlogik-%C3%BCberwinden-Nadja-Hermann-ebook\/dp\/B00X01CRY8\/ref=sr_1_7?ie=UTF8&amp;qid=1509811590&amp;sr=8-7&amp;keywords=adipositas\" target=\"_blank\" rel=\"noopener\">Fettlogik \u00fcberwinden<\/a><\/strong><\/p>\n<p>von <a href=\"https:\/\/www.amazon.de\/Nadja-Hermann\/e\/B00X5AKC46\/ref=sr_ntt_srch_lnk_7?qid=1509811590&amp;sr=8-7\" target=\"_blank\" rel=\"noopener\">Nadja Hermann<\/a><\/p>\n<p>&nbsp;<\/p>\n<p><strong><a href=\"https:\/\/www.amazon.de\/Die-Adipositas-L%C3%BCge-neue-Erkenntnisse-Wissenschaft-ebook\/dp\/B075PS7Z4Q\/ref=sr_1_11?ie=UTF8&amp;qid=1509811590&amp;sr=8-11&amp;keywords=adipositas\" target=\"_blank\" rel=\"noopener\">Die Adipositas-L\u00fcge: neue Erkenntnisse der Wissenschaft<\/a><\/strong><\/p>\n<p>von J\u00f6rg Jonas<\/p>\n<p>&nbsp;<\/p>\n<p><strong><a href=\"https:\/\/www.amazon.de\/Adipositas-Fibel-German-Alfred-Wirth\/dp\/3540645314\/ref=sr_1_14?ie=UTF8&amp;qid=1509811590&amp;sr=8-14&amp;keywords=adipositas\" target=\"_blank\" rel=\"noopener\">Adipositas-Fibel (German Edition)<\/a><\/strong><\/p>\n<p>von Alfred Wirth<\/p>\n<p>&nbsp;<\/p>\n<p><strong><a href=\"https:\/\/www.amazon.de\/Ern%C3%A4hrung-Adipositas-Operationen-Omega-Loop-Bypass-Schlauchmagen-maudrich-gesund\/dp\/3990020420\/ref=sr_1_18?ie=UTF8&amp;qid=1509811799&amp;sr=8-18&amp;keywords=adipositas\" target=\"_blank\" rel=\"noopener\">Ern\u00e4hrung bei Adipositas-Operationen: Magenbypass &#8211; Omega-Loop-Bypass &#8211; Schlauchmagen (maudrich.gesund essen)<\/a><\/strong><\/p>\n<p>von Birgit L\u00f6tsch und Eva Russold<\/p>\n<p>&nbsp;<\/p>\n<p><strong><a href=\"https:\/\/www.amazon.de\/Adipositas-metabolische-Chirurgie-J%C3%BCrgen-Ordemann\/dp\/3662486970\/ref=sr_1_38?ie=UTF8&amp;qid=1509811858&amp;sr=8-38&amp;keywords=adipositas\" target=\"_blank\" rel=\"noopener\">Adipositas- und metabolische Chirurgie<\/a><\/strong><\/p>\n<p>von J\u00fcrgen Ordemann und Ulf Elbelt<\/p>\n<p>&nbsp;<\/p>\n<p><strong><a href=\"https:\/\/www.amazon.de\/Wir-Besser-Esser-Gesunde-Ern%C3%A4hrung-macht\/dp\/3596183065\/ref=sr_1_64?ie=UTF8&amp;qid=1509811912&amp;sr=8-64&amp;keywords=adipositas\" target=\"_blank\" rel=\"noopener\">Wir Besser-Esser: Gesunde Ern\u00e4hrung macht Spa\u00df<\/a><\/strong><\/p>\n<p>von <a href=\"https:\/\/www.amazon.de\/Dietrich-Gr\u00f6nemeyer\/e\/B0045974JM\/ref=sr_ntt_srch_lnk_64?qid=1509811912&amp;sr=8-64\" target=\"_blank\" rel=\"noopener\">Dietrich Gr\u00f6nemeyer<\/a><\/p>\n<p>&nbsp;<\/p>\n<p><strong><a href=\"https:\/\/www.amazon.de\/Adipositas-Leidensweg-dicken-Hintergr%C3%BCnde-Kindergarten\/dp\/3938573236\/ref=sr_1_65?ie=UTF8&amp;qid=1509811986&amp;sr=8-65&amp;keywords=adipositas\" target=\"_blank\" rel=\"noopener\">Adipositas &#8211; Der Leidensweg der dicken Kinder: Hintergr\u00fcnde f\u00fcr Kindergarten und Schule<\/a><\/strong><\/p>\n<p>von <a href=\"https:\/\/www.amazon.de\/Helga-Momm\/e\/B00IG20QY4\/ref=sr_ntt_srch_lnk_65?qid=1509811986&amp;sr=8-65\" target=\"_blank\" rel=\"noopener\">Helga Momm<\/a><\/p>\n<p>&nbsp;<\/p>\n<p><strong><a href=\"https:\/\/www.amazon.de\/Die-Adipositas-Epidemie-politisches-Problem-Gesellschaftliche\/dp\/365806613X\/ref=sr_1_95?ie=UTF8&amp;qid=1509812032&amp;sr=8-95&amp;keywords=adipositas\" target=\"_blank\" rel=\"noopener\">Die Adipositas-Epidemie als politisches Problem: Gesellschaftliche Wahrnehmung und staatliche Intervention (Perspektiven kritischer Sozialer Arbeit)<\/a><\/strong><\/p>\n<p>von Friedrich Schorb<\/p>\n<p>&nbsp;<\/p>\n<p><strong><a href=\"https:\/\/www.amazon.de\/Ern%C3%A4hrung-Kontext-bariatrischen-Chirurgie-adipositas-chirurgischen-ebook\/dp\/B00W6PJAGC\/ref=sr_1_100?ie=UTF8&amp;qid=1509812088&amp;sr=8-100&amp;keywords=adipositas\" target=\"_blank\" rel=\"noopener\">Ern\u00e4hrung im Kontext der bariatrischen Chirurgie: Ein di\u00e4ttherapeutischer Leitfaden f\u00fcr die Betreuung und Beratung von adip\u00f6sen Erwachsenen im Rahmen der &#8230; bei adipositas-chirurgischen Eingriffen<\/a><\/strong><\/p>\n<p>von Mario Hellbardt<\/p>\n<p>&nbsp;<\/p>\n<p><strong><a href=\"https:\/\/www.amazon.de\/Ern%C3%A4hrung-nach-bariatrischen-Operationen-umfangreichem\/dp\/3899679393\/ref=sr_1_108?ie=UTF8&amp;qid=1509812088&amp;sr=8-108&amp;keywords=adipositas\" target=\"_blank\" rel=\"noopener\">Ern\u00e4hrung vor und nach bariatrischen Operationen: Ein Ratgeber f\u00fcr Betroffene \u2022 Mit umfangreichem Rezeptteil<\/a><\/strong><\/p>\n<p>von Claudia Paul<\/p>\n<p>&nbsp;<\/p>\n<p><strong><a href=\"https:\/\/www.amazon.de\/Ich-bin-dann-dick-Zufriedenheit\/dp\/3662530570\/ref=sr_1_45?s=books&amp;ie=UTF8&amp;qid=1509812184&amp;sr=1-45&amp;keywords=adipositas\" target=\"_blank\" rel=\"noopener\">Ich bin dann mal dick!: Mein Weg zu mehr Gelassenheit und Zufriedenheit trotz \u00dcbergewicht<\/a><\/strong><\/p>\n<p>von Veronika Hollenrieder<\/p>\n<p>&nbsp;<\/p>\n<p><strong><a href=\"https:\/\/www.amazon.de\/Essen-Psyche-Hunger-Sattheit-Genuss\/dp\/3540427880\/ref=sr_1_63?s=books&amp;ie=UTF8&amp;qid=1509812233&amp;sr=1-63&amp;keywords=adipositas\" target=\"_blank\" rel=\"noopener\">Essen und Psyche: \u00dcber Hunger und Sattheit, Genuss und Kultur<\/a><\/strong><\/p>\n<p>von <a href=\"https:\/\/www.amazon.de\/Gisla-Gniech\/e\/B00458DCIU\/ref=sr_ntt_srch_lnk_63?qid=1509812233&amp;sr=1-63\" target=\"_blank\" rel=\"noopener\">Gisla Gniech<\/a><\/p>\n<p>&nbsp;<\/p>\n<p><strong><a href=\"https:\/\/www.amazon.de\/Adipositas-Depressivit%C3%A4t-fr%C3%BChen-Jugendalter-Selbstwahrnehmung\/dp\/3631510241\/ref=sr_1_1?s=books&amp;ie=UTF8&amp;qid=1509812333&amp;sr=1-1&amp;keywords=adipositas\" target=\"_blank\" rel=\"noopener\">Adipositas und Depressivit\u00e4t im fr\u00fchen Jugendalter: Der Einfluss von Geschlecht und Selbstwahrnehmung<\/a><\/strong><\/p>\n<p>von <a href=\"https:\/\/www.amazon.de\/Marita-Ben\u00f6lken\/e\/B001K68CS0\/ref=sr_ntt_srch_lnk_1?qid=1509812333&amp;sr=1-1\" target=\"_blank\" rel=\"noopener\">Marita Ben\u00f6lken<\/a><\/p>\n<p>&nbsp;<\/p>\n<p><strong><a href=\"https:\/\/www.amazon.de\/Dicksein-K%C3%B6rper-Verh%C3%A4ltnis-Gesellschaft-bestimmt\/dp\/3593500833\/ref=sr_1_77?s=books&amp;ie=UTF8&amp;qid=1509812468&amp;sr=1-77&amp;keywords=adipositas\" target=\"_blank\" rel=\"noopener\">Dicksein: Wenn der K\u00f6rper das Verh\u00e4ltnis zur Gesellschaft bestimmt<\/a><\/strong><\/p>\n<p>von Eva Barl\u00f6sius<\/p>\n<p>&nbsp;<\/p>\n<p><strong><a href=\"https:\/\/www.amazon.de\/Zum-Dicksein-verdammt-Adipositas-schwierig\/dp\/3893344322\/ref=sr_1_89?s=books&amp;ie=UTF8&amp;qid=1509812516&amp;sr=1-89&amp;keywords=adipositas\" target=\"_blank\" rel=\"noopener\">Zum Dicksein verdammt?: Wie Adipositas entsteht und warum die Therapie so schwierig ist<\/a><\/strong><\/p>\n<p>von Joachim Barnstorf und Burkard J\u00e4ger<\/p>\n<p>&nbsp;<\/p>\n<p><strong><a href=\"https:\/\/www.amazon.de\/Bewegung-Sport-%C3%9Cbergewicht-Rolf-Ehrsam\/dp\/3456841086\/ref=sr_1_116?s=books&amp;ie=UTF8&amp;qid=1509812608&amp;sr=1-116&amp;keywords=adipositas\" target=\"_blank\" rel=\"noopener\">Bewegung und Sport bei \u00dcbergewicht<\/a><\/strong><\/p>\n<p>von Rolf Ehrsam und Thomas Melges<\/p>\n<p>&nbsp;<\/p>\n<p><strong><a href=\"https:\/\/www.amazon.de\/Warum-wir-ohne-Hunger-essen\/dp\/3868261443\/ref=sr_1_1?ie=UTF8&amp;qid=1509812792&amp;sr=8-1&amp;keywords=sanchez\" target=\"_blank\" rel=\"noopener\">Warum wir ohne Hunger essen: Die wahren Gr\u00fcnde f\u00fcr Essdrang und \u00dcbergewicht (gesund Abnehmen, Hilfe bei Essst\u00f6rung)<\/a><\/strong><\/p>\n<p>von <a href=\"https:\/\/www.amazon.de\/Maria-Sanchez\/e\/B004JMY6W8\/ref=sr_ntt_srch_lnk_1?qid=1509812792&amp;sr=8-1\" target=\"_blank\" rel=\"noopener\">Maria Sanchez<\/a><\/p>\n<p>&nbsp;<\/p>\n<p><strong><a href=\"https:\/\/www.amazon.de\/Sehnsucht-Hunger-emotionalem-%C3%BCberarbeitete-Auflage\/dp\/3981330846\/ref=sr_1_4?ie=UTF8&amp;qid=1509812792&amp;sr=8-4&amp;keywords=sanchez\" target=\"_blank\" rel=\"noopener\">Sehnsucht und Hunger: Heilung von emotionalem Essen. Neue \u00fcberarbeitete Auflage.<\/a><\/strong><\/p>\n<p>von <a href=\"https:\/\/www.amazon.de\/Maria-Sanchez\/e\/B004JMY6W8\/ref=sr_ntt_srch_lnk_4?qid=1509812792&amp;sr=8-4\" target=\"_blank\" rel=\"noopener\">Maria Sanchez<\/a><\/p>\n<p>&nbsp;<\/p>\n<p><strong><a href=\"https:\/\/www.amazon.de\/Das-kleine-%C3%9Cbungsheft-Frieden-schlie%C3%9Fen\/dp\/3955501256\/ref=lp_530176_1_12?s=books&amp;ie=UTF8&amp;qid=1509812857&amp;sr=1-12\" target=\"_blank\" rel=\"noopener\">Das kleine \u00dcbungsheft &#8211; Frieden schlie\u00dfen mit dem eigenen K\u00f6rper<\/a><\/strong><\/p>\n<p>von <a href=\"https:\/\/www.amazon.de\/Anne-Marrez\/e\/B00KPODXPK\/ref=lp_530176_ntt_srch_lnk_12?qid=1509812857&amp;sr=1-12\" target=\"_blank\" rel=\"noopener\">Anne Marrez<\/a> und <a href=\"https:\/\/www.amazon.de\/Maggie-Oda\/e\/B00KPWDNXO\/ref=lp_530176_ntt_srch_lnk_12?qid=1509812857&amp;sr=1-12\" target=\"_blank\" rel=\"noopener\">Maggie Oda<\/a><\/p>\n<p>&nbsp;<\/p>\n<p><strong><a href=\"https:\/\/www.amazon.de\/Essen-als-Ersatz-Teufelskreis-durchbricht\/dp\/3499619652\/ref=sr_1_18?s=books&amp;ie=UTF8&amp;qid=1509812908&amp;sr=1-18\" target=\"_blank\" rel=\"noopener\">Essen als Ersatz: Wie man den Teufelskreis durchbricht<\/a><\/strong><\/p>\n<p>von <a href=\"https:\/\/www.amazon.de\/Geneen-Roth\/e\/B000APDO9O\/ref=sr_ntt_srch_lnk_18?qid=1509812908&amp;sr=1-18\" target=\"_blank\" rel=\"noopener\">Geneen Roth<\/a> und Gabriele Flessenkemper<\/p>\n<p>&nbsp;<\/p>\n<p><strong><a href=\"https:\/\/www.amazon.de\/N%C3%A4hrwerttabelle-2016-2017-Helmut-Heseker\/dp\/3865281605\/ref=sr_1_25?s=books&amp;ie=UTF8&amp;qid=1509812908&amp;sr=1-25\" target=\"_blank\" rel=\"noopener\">Die N\u00e4hrwerttabelle 2016\/2017<\/a><\/strong><\/p>\n<p>von Helmut Heseker und Beate Heseker<\/p>\n<p>&nbsp;<\/p>\n<p><strong><a href=\"https:\/\/www.amazon.de\/ein-Leben-mit-Borderline-Essst%C3%B6rung\/dp\/3944648552\/ref=sr_1_30?s=books&amp;ie=UTF8&amp;qid=1509812908&amp;sr=1-30\" target=\"_blank\" rel=\"noopener\">(K)ein Leben mit Borderline und Essst\u00f6rung<\/a><\/strong><\/p>\n<p>von <a href=\"https:\/\/www.amazon.de\/Laura-Adrian\/e\/B01JGQN3O8\/ref=sr_ntt_srch_lnk_30?qid=1509812908&amp;sr=1-30\" target=\"_blank\" rel=\"noopener\">Laura Adrian<\/a><\/p>\n<p>&nbsp;<\/p>\n<p><strong><a href=\"https:\/\/www.amazon.de\/Essst%C3%B6rungen-Pers%C3%B6nlichkeit-Magersucht-Bulimie-%C3%9Cbergewicht\/dp\/3170293060\/ref=sr_1_38?s=books&amp;ie=UTF8&amp;qid=1509812993&amp;sr=1-38\" target=\"_blank\" rel=\"noopener\">Essst\u00f6rungen und Pers\u00f6nlichkeit: Magersucht, Bulimie und \u00dcbergewicht &#8211; Warum Essen und Hungern zur Sucht werden<\/a><\/strong><\/p>\n<p>von <a href=\"https:\/\/www.amazon.de\/Helga-Simchen\/e\/B00459X0H2\/ref=sr_ntt_srch_lnk_38?qid=1509812993&amp;sr=1-38\" target=\"_blank\" rel=\"noopener\">Helga Simchen<\/a><\/p>\n<p>&nbsp;<\/p>\n<p><strong><a href=\"https:\/\/www.amazon.de\/Wenn-Essen-nicht-satt-macht\/dp\/3867390827\/ref=sr_1_92?s=books&amp;ie=UTF8&amp;qid=1509813117&amp;sr=1-92\" target=\"_blank\" rel=\"noopener\">Wenn Essen nicht satt macht: Emotionales Essverhalten erkennen und \u00fcberwinden (BALANCE Ratgeber)<\/a><\/strong><\/p>\n<p>von Jennifer Taitz<\/p>\n<p>&nbsp;<\/p>\n<p><strong><a href=\"https:\/\/www.amazon.de\/Ess-St%C3%B6rungen-f%C3%BCr-Dummies-Susan-Schulherr\/dp\/3527704965\/ref=sr_1_fkmr0_1?s=books&amp;ie=UTF8&amp;qid=1509813188&amp;sr=1-1-fkmr0&amp;keywords=dummies+adipositas\" target=\"_blank\" rel=\"noopener\">Ess-St\u00f6rungen f\u00fcr Dummies<\/a><\/strong><\/p>\n<p>von <a href=\"https:\/\/www.amazon.de\/Susan-Schulherr\/e\/B0045B5LKO\/ref=sr_ntt_srch_lnk_1?qid=1509813188&amp;sr=1-1-fkmr0\" target=\"_blank\" rel=\"noopener\">Susan Schulherr<\/a> und Hartmut Strahl<\/p>\n<p>&nbsp;<\/p>\n<p>&nbsp;<\/p>\n","protected":false},"excerpt":{"rendered":"<p>Gut essen rund um die Adipositas-OP: 130 Rezepte bei Magen-Bypass, Schlauchmagen &amp; Co von Heike Raab &nbsp; Fettlogik \u00fcberwinden von Nadja Hermann &nbsp; Die Adipositas-L\u00fcge: neue Erkenntnisse der Wissenschaft von J\u00f6rg Jonas &nbsp; Adipositas-Fibel (German Edition) von Alfred Wirth &nbsp; Ern\u00e4hrung bei Adipositas-Operationen: Magenbypass &#8211; Omega-Loop-Bypass &#8211; Schlauchmagen (maudrich.gesund essen) von Birgit L\u00f6tsch und Eva &hellip; <a href=\"https:\/\/www.adipositas-shg-leverkusen.de\/cms\/literatur\/\" class=\"more-link\"><span class=\"screen-reader-text\">Literatur<\/span> weiterlesen<\/a><\/p>\n","protected":false},"author":3,"featured_media":149,"parent":0,"menu_order":8,"comment_status":"closed","ping_status":"closed","template":"","meta":{"footnotes":""},"class_list":["post-51","page","type-page","status-publish","has-post-thumbnail","hentry"],"_links":{"self":[{"href":"https:\/\/www.adipositas-shg-leverkusen.de\/cms\/wp-json\/wp\/v2\/pages\/51","targetHints":{"allow":["GET"]}}],"collection":[{"href":"https:\/\/www.adipositas-shg-leverkusen.de\/cms\/wp-json\/wp\/v2\/pages"}],"about":[{"href":"https:\/\/www.adipositas-shg-leverkusen.de\/cms\/wp-json\/wp\/v2\/types\/page"}],"author":[{"embeddable":true,"href":"https:\/\/www.adipositas-shg-leverkusen.de\/cms\/wp-json\/wp\/v2\/users\/3"}],"replies":[{"embeddable":true,"href":"https:\/\/www.adipositas-shg-leverkusen.de\/cms\/wp-json\/wp\/v2\/comments?post=51"}],"version-history":[{"count":4,"href":"https:\/\/www.adipositas-shg-leverkusen.de\/cms\/wp-json\/wp\/v2\/pages\/51\/revisions"}],"predecessor-version":[{"id":128,"href":"https:\/\/www.adipositas-shg-leverkusen.de\/cms\/wp-json\/wp\/v2\/pages\/51\/revisions\/128"}],"wp:featuredmedia":[{"embeddable":true,"href":"https:\/\/www.adipositas-shg-leverkusen.de\/cms\/wp-json\/wp\/v2\/media\/149"}],"wp:attachment":[{"href":"https:\/\/www.adipositas-shg-leverkusen.de\/cms\/wp-json\/wp\/v2\/media?parent=51"}],"curies":[{"name":"wp","href":"https:\/\/api.w.org\/{rel}","templated":true}]}}