{"id":40,"date":"2018-03-23T22:16:09","date_gmt":"2018-03-23T21:16:09","guid":{"rendered":"http:\/\/adipositas-shg-leverkusen.de\/cms\/?page_id=40"},"modified":"2024-08-18T17:08:08","modified_gmt":"2024-08-18T15:08:08","slug":"bariatrische-ops","status":"publish","type":"page","link":"https:\/\/www.adipositas-shg-leverkusen.de\/cms\/bariatrische-ops\/","title":{"rendered":"Bariatrische OP&#8217;s"},"content":{"rendered":"<h1 class=\"western\"><span style=\"font-family: 'Liberation Sans', sans-serif;\">Voraussetzungen f\u00fcr eine <\/span><span style=\"font-family: 'Liberation Sans', sans-serif;\">Adipositas-Operation<\/span><\/h1>\n<p><span style=\"font-family: 'Liberation Sans', sans-serif;\"><span style=\"font-size: medium;\">Um grunds\u00e4tzlich f\u00fcr eine Operation in Frage zu kommen, m\u00fcssen u. a. folgende Kriterien erf\u00fcllt sein:<\/span><\/span><\/p>\n<ul>\n<li><span style=\"font-family: 'Liberation Sans', sans-serif;\">Ersch\u00f6pfte konservative Therapie bei einem BMI \u2265 40 kg\/m\u00b2 oder \u2265 35 kg\/m\u00b2 mit Adipositas-Begleiterkrankungen<\/span><\/li>\n<li><span style=\"font-family: 'Liberation Sans', sans-serif;\">Begleitende Betreuung durch eine Ern\u00e4hrungsfachkraft<\/span><\/li>\n<li><span style=\"font-family: 'Liberation Sans', sans-serif;\">Sportliche Bet\u00e4tigung den k\u00f6rperlichen Voraussetzungen entsprechend<\/span><\/li>\n<li><span style=\"font-family: 'Liberation Sans', sans-serif;\">Im Bedarfsfall begleitende psychologische Therapie\/Verhaltenstherapie<\/span><\/li>\n<li><span style=\"font-family: 'Liberation Sans', sans-serif;\">\u00dcbergewichtskrank seit mindestens 5 Jahren und<\/span><\/li>\n<li><span style=\"font-family: 'Liberation Sans', sans-serif;\">Bereitschaft zur dauerhaften Lebensstil\u00e4nderung und zur Teilnahme an einer Selbsthilfegruppe (Treffen, Internet).<\/span><\/li>\n<\/ul>\n<h1 class=\"western\"><\/h1>\n<h1 class=\"western\"><span style=\"font-family: 'Liberation Sans', sans-serif;\">M\u00f6glichkeiten der Adipositas-Chirurgie<\/span><\/h1>\n<p><span style=\"font-family: 'Liberation Sans', sans-serif;\"><span style=\"font-size: medium;\">Haben die M\u00f6glichkeiten der konservativen Therapie wie ein ver\u00e4ndertes Ern\u00e4hrungsverhalten, regelm\u00e4\u00dfige Bewegung und Sport nicht den gew\u00fcnschten Erfolg gebracht, bietet die Adipositas-Chirurgie weitere Therapieoptionen. Mit Erfolg jedoch nur bei einer lebenslangen Mitarbeit des Patienten hinsichtlich Ern\u00e4hrungsumstellung, regelm\u00e4\u00dfiger Bewegung und gegebenenfalls einer Verhaltenstherapie.<\/span><\/span><\/p>\n<p><span style=\"font-family: 'Liberation Sans', sans-serif;\"><span style=\"font-size: medium;\"><br \/>\nWelche Operation f\u00fcr welchen Patienten in Frage kommt, ist abh\u00e4ngig von vorliegenden Begleiterkrankungen, der m\u00f6glichen Einsch\u00e4tzung begleitender Therapeuten sowie dem eigenen Erfahrungsgewinn durch wiederholte Aufkl\u00e4rungsgespr\u00e4che und dem Austausch \u00fcber die Selbsthilfegruppe bzw. die entsprechenden Internetforen.<\/span><\/span><\/p>\n<p><span style=\"font-family: 'Liberation Sans', sans-serif;\"><span style=\"font-size: medium;\">Um durch eine Adipositas-Operation langfristig Gewicht zu verlieren, gibt es grunds\u00e4tzlich zwei verschiedene Wirkungsmechanismen. Man spricht dabei von restriktiven und malabsorptiven Verfahren sowie der Kombination beider. Alle genannten Operationen k\u00f6nnen laparoskopisch (minimal-invasiv) durchgef\u00fchrt werden.<\/span><\/span><\/p>\n<p><span style=\"font-family: 'Liberation Sans', sans-serif;\"><span style=\"font-size: medium;\"><br \/>\nBei den restriktiven Operationen wie dem Magenband (Gastric Banding) oder Magenschlauch (Sleeve Gastrektomie) wird die Magenpassage eingeschr\u00e4nkt bzw. das Magenvolumen verringert. Dies f\u00fchrt zu einem schnelleren Eintreten eines S\u00e4ttigungsgef\u00fchls und der Unf\u00e4higkeit gr\u00f6\u00dfere Mengen essen zu k\u00f6nnen. Malabsorptive bzw. kombinierte Operationen wie der Magenbypass reduzieren zus\u00e4tzlich die F\u00e4higkeit des Verdauungssystems, die zugef\u00fchrte Nahrung in ihrer ganzen Menge zu verwerten. Kohlenhydrate, Fette, aber auch N\u00e4hrstoffe werden auf Grund einer funktionellen Verk\u00fcrzung des D\u00fcnndarmes in geringerem Ma\u00dfe vom K\u00f6rper aufgenommen.<\/span><\/span><\/p>\n<p><span style=\"font-family: 'Liberation Sans', sans-serif;\">Weitere Informationen findet Ihr auch bei jedem Adipositas-Zentrum deines Vertrauens.\u00a0<\/span><\/p>\n","protected":false},"excerpt":{"rendered":"<p>Voraussetzungen f\u00fcr eine Adipositas-Operation Um grunds\u00e4tzlich f\u00fcr eine Operation in Frage zu kommen, m\u00fcssen u. a. folgende Kriterien erf\u00fcllt sein: Ersch\u00f6pfte konservative Therapie bei einem BMI \u2265 40 kg\/m\u00b2 oder \u2265 35 kg\/m\u00b2 mit Adipositas-Begleiterkrankungen Begleitende Betreuung durch eine Ern\u00e4hrungsfachkraft Sportliche Bet\u00e4tigung den k\u00f6rperlichen Voraussetzungen entsprechend Im Bedarfsfall begleitende psychologische Therapie\/Verhaltenstherapie \u00dcbergewichtskrank seit mindestens 5 &hellip; <a href=\"https:\/\/www.adipositas-shg-leverkusen.de\/cms\/bariatrische-ops\/\" class=\"more-link\"><span class=\"screen-reader-text\">Bariatrische OP&#8217;s<\/span> weiterlesen<\/a><\/p>\n","protected":false},"author":3,"featured_media":0,"parent":0,"menu_order":6,"comment_status":"closed","ping_status":"closed","template":"","meta":{"footnotes":""},"class_list":["post-40","page","type-page","status-publish","hentry"],"_links":{"self":[{"href":"https:\/\/www.adipositas-shg-leverkusen.de\/cms\/wp-json\/wp\/v2\/pages\/40","targetHints":{"allow":["GET"]}}],"collection":[{"href":"https:\/\/www.adipositas-shg-leverkusen.de\/cms\/wp-json\/wp\/v2\/pages"}],"about":[{"href":"https:\/\/www.adipositas-shg-leverkusen.de\/cms\/wp-json\/wp\/v2\/types\/page"}],"author":[{"embeddable":true,"href":"https:\/\/www.adipositas-shg-leverkusen.de\/cms\/wp-json\/wp\/v2\/users\/3"}],"replies":[{"embeddable":true,"href":"https:\/\/www.adipositas-shg-leverkusen.de\/cms\/wp-json\/wp\/v2\/comments?post=40"}],"version-history":[{"count":8,"href":"https:\/\/www.adipositas-shg-leverkusen.de\/cms\/wp-json\/wp\/v2\/pages\/40\/revisions"}],"predecessor-version":[{"id":845,"href":"https:\/\/www.adipositas-shg-leverkusen.de\/cms\/wp-json\/wp\/v2\/pages\/40\/revisions\/845"}],"wp:attachment":[{"href":"https:\/\/www.adipositas-shg-leverkusen.de\/cms\/wp-json\/wp\/v2\/media?parent=40"}],"curies":[{"name":"wp","href":"https:\/\/api.w.org\/{rel}","templated":true}]}}