{"id":1385,"date":"2026-01-23T16:58:15","date_gmt":"2026-01-23T15:58:15","guid":{"rendered":"https:\/\/www.adipositas-shg-leverkusen.de\/cms\/?page_id=1385"},"modified":"2026-01-28T17:52:56","modified_gmt":"2026-01-28T16:52:56","slug":"adipositas-zentrum","status":"publish","type":"page","link":"https:\/\/www.adipositas-shg-leverkusen.de\/cms\/adipositas-zentrum\/","title":{"rendered":"Adipositas Zentrum (AZ)"},"content":{"rendered":"\n<p>Ein <strong>Adipositas-Zentrum<\/strong> ist eine spezialisierte medizinische Einrichtung (oft an ein Krankenhaus angegliedert), die sich ausschlie\u00dflich auf die Behandlung von starkem \u00dcbergewicht (Adipositas) konzentriert.<\/p>\n\n\n\n<p>Das Besondere daran ist der <strong>multidisziplin\u00e4re Ansatz<\/strong>: Anstatt nur zu einem Hausarzt zu gehen, wirst du dort von einem ganzen Team aus verschiedenen Fachrichtungen gleichzeitig betreut.<\/p>\n\n\n\n<h3 class=\"wp-block-heading\">1. Das Experten-Team (Alles unter einem Dach)<\/h3>\n\n\n\n<p>In einem Zentrum arbeiten verschiedene Fachleute eng zusammen:<\/p>\n\n\n\n<ul class=\"wp-block-list\">\n<li><strong>Mediziner:<\/strong> Fach\u00e4rzte f\u00fcr Innere Medizin, Endokrinologie (Hormone) oder Chirurgie.<\/li>\n\n\n\n<li><strong>Ern\u00e4hrungsberater:<\/strong> Erstellen individuelle Ern\u00e4hrungspl\u00e4ne.<\/li>\n\n\n\n<li><strong>Psychologen:<\/strong> Helfen dabei, das Essverhalten zu verstehen und mentale H\u00fcrden zu \u00fcberwinden.<\/li>\n\n\n\n<li><strong>Sporttherapeuten:<\/strong> Entwickeln Bewegungsprogramme, die die Gelenke schonen.<\/li>\n<\/ul>\n\n\n\n<h3 class=\"wp-block-heading\">2. Die zwei Behandlungswege<\/h3>\n\n\n\n<p>Ein Adipositas-Zentrum bietet meist zwei Schienen an:<\/p>\n\n\n\n<ul class=\"wp-block-list\">\n<li><strong>Konservative Therapie (MMK):<\/strong> Das sogenannte \u201eMultimodale Konzept\u201c. \u00dcber meist 6 Monate wird versucht, durch die Kombination aus Ern\u00e4hrung, Bewegung und Verhaltenstherapie das Gewicht zu reduzieren.<\/li>\n\n\n\n<li><strong>Chirurgische Therapie (Bariatrie):<\/strong> Wenn die konservativen Methoden nicht ausreichen, werden dort Operationen wie Schlauchmagen oder Magenbypass durchgef\u00fchrt.<\/li>\n<\/ul>\n\n\n\n<h3 class=\"wp-block-heading\">3. Begleitung und Nachsorge<\/h3>\n\n\n\n<p>Ein gutes Zentrum l\u00e4sst die Patienten nach einer Operation oder Therapie nicht allein. Es gibt eine langfristige <strong>Nachsorge<\/strong>, um sicherzustellen, dass das Gewicht gehalten wird und keine Mangelerscheinungen auftreten. Oft arbeiten diese Zentren auch eng mit <strong>Selbsthilfegruppen<\/strong> zusammen.<\/p>\n\n\n\n<h3 class=\"wp-block-heading\">4. Zertifizierung<\/h3>\n\n\n\n<p>Es gibt in Deutschland zertifizierte Zentren (z. B. durch die DGAV \u2013 Deutsche Gesellschaft f\u00fcr Allgemein- und Viszeralchirurgie). Diese m\u00fcssen bestimmte Qualit\u00e4tsstandards erf\u00fcllen und eine hohe Anzahl an erfolgreichen Behandlungen nachweisen.<\/p>\n\n\n\n<p><strong>Kurz gesagt:<\/strong> Ein Adipositas-Zentrum ist eine Anlaufstelle, die Adipositas als komplexe Erkrankung versteht und dir einen ma\u00dfgeschneiderten Therapieplan bietet, anstatt nur \u201eweniger essen\u201c zu raten.<\/p>\n\n\n\n<p>Weitere Informationen <\/p>\n\n\n\n<p><a href=\"https:\/\/www.adipositas-shg-leverkusen.de\/cms\/klinik\/\" data-type=\"page\" data-id=\"42\">Klinik<\/a><\/p>\n\n\n\n<p><a href=\"https:\/\/www.adipositas-shg-leverkusen.de\/cms\/bariatrische-ops\/\" data-type=\"page\" data-id=\"40\">Bariatrische OP\u2019s<\/a><\/p>\n","protected":false},"excerpt":{"rendered":"<p>Ein Adipositas-Zentrum ist eine spezialisierte medizinische Einrichtung (oft an ein Krankenhaus angegliedert), die sich ausschlie\u00dflich auf die Behandlung von starkem \u00dcbergewicht (Adipositas) konzentriert. Das Besondere daran ist der multidisziplin\u00e4re Ansatz: Anstatt nur zu einem Hausarzt zu gehen, wirst du dort von einem ganzen Team aus verschiedenen Fachrichtungen gleichzeitig betreut. 1. Das Experten-Team (Alles unter einem &hellip; <a href=\"https:\/\/www.adipositas-shg-leverkusen.de\/cms\/adipositas-zentrum\/\" class=\"more-link\"><span class=\"screen-reader-text\">Adipositas Zentrum (AZ)<\/span> weiterlesen<\/a><\/p>\n","protected":false},"author":3,"featured_media":0,"parent":0,"menu_order":0,"comment_status":"closed","ping_status":"closed","template":"","meta":{"footnotes":""},"class_list":["post-1385","page","type-page","status-publish","hentry"],"_links":{"self":[{"href":"https:\/\/www.adipositas-shg-leverkusen.de\/cms\/wp-json\/wp\/v2\/pages\/1385","targetHints":{"allow":["GET"]}}],"collection":[{"href":"https:\/\/www.adipositas-shg-leverkusen.de\/cms\/wp-json\/wp\/v2\/pages"}],"about":[{"href":"https:\/\/www.adipositas-shg-leverkusen.de\/cms\/wp-json\/wp\/v2\/types\/page"}],"author":[{"embeddable":true,"href":"https:\/\/www.adipositas-shg-leverkusen.de\/cms\/wp-json\/wp\/v2\/users\/3"}],"replies":[{"embeddable":true,"href":"https:\/\/www.adipositas-shg-leverkusen.de\/cms\/wp-json\/wp\/v2\/comments?post=1385"}],"version-history":[{"count":5,"href":"https:\/\/www.adipositas-shg-leverkusen.de\/cms\/wp-json\/wp\/v2\/pages\/1385\/revisions"}],"predecessor-version":[{"id":1495,"href":"https:\/\/www.adipositas-shg-leverkusen.de\/cms\/wp-json\/wp\/v2\/pages\/1385\/revisions\/1495"}],"wp:attachment":[{"href":"https:\/\/www.adipositas-shg-leverkusen.de\/cms\/wp-json\/wp\/v2\/media?parent=1385"}],"curies":[{"name":"wp","href":"https:\/\/api.w.org\/{rel}","templated":true}]}}